{"id":2451,"date":"2019-08-06T19:12:35","date_gmt":"2019-08-06T16:12:35","guid":{"rendered":"http:\/\/www.zumruthali.com\/?page_id=2451"},"modified":"2020-09-23T13:34:52","modified_gmt":"2020-09-23T10:34:52","slug":"trendy-2","status":"publish","type":"page","link":"https:\/\/www.zumruthali.com\/index.php\/samur-hali\/evsel-halilar\/trendy-2\/","title":{"rendered":"Trendy"},"content":{"rendered":"\r\n<p><span class=\"has-inline-color has-white-color\">Samur Hal\u0131 Trendy Serisi Online Katalo\u011fu Uygun Fiyat Ve \u00c7e\u015fitli Modelleriyle Z\u00fcmr\u00fct Hal\u0131&#8217;da. Samur Trendy Bukle Duvardan Duvara Evsel Hal\u0131<\/span><\/p>\r\n","protected":false},"excerpt":{"rendered":"<p>Samur Hal\u0131 Trendy Serisi Online Katalo\u011fu Uygun Fiyat Ve \u00c7e\u015fitli Modelleriyle Z\u00fcmr\u00fct Hal\u0131&#8217;da. Samur Trendy Bukle Duvardan Duvara Evsel Hal\u0131<\/p>\n","protected":false},"author":2,"featured_media":3309,"parent":2428,"menu_order":0,"comment_status":"closed","ping_status":"closed","template":"","meta":[],"_links":{"self":[{"href":"https:\/\/www.zumruthali.com\/index.php\/wp-json\/wp\/v2\/pages\/2451"}],"collection":[{"href":"https:\/\/www.zumruthali.com\/index.php\/wp-json\/wp\/v2\/pages"}],"about":[{"href":"https:\/\/www.zumruthali.com\/index.php\/wp-json\/wp\/v2\/types\/page"}],"author":[{"embeddable":true,"href":"https:\/\/www.zumruthali.com\/index.php\/wp-json\/wp\/v2\/users\/2"}],"replies":[{"embeddable":true,"href":"https:\/\/www.zumruthali.com\/index.php\/wp-json\/wp\/v2\/comments?post=2451"}],"version-history":[{"count":2,"href":"https:\/\/www.zumruthali.com\/index.php\/wp-json\/wp\/v2\/pages\/2451\/revisions"}],"predecessor-version":[{"id":3803,"href":"https:\/\/www.zumruthali.com\/index.php\/wp-json\/wp\/v2\/pages\/2451\/revisions\/3803"}],"up":[{"embeddable":true,"href":"https:\/\/www.zumruthali.com\/index.php\/wp-json\/wp\/v2\/pages\/2428"}],"wp:featuredmedia":[{"embeddable":true,"href":"https:\/\/www.zumruthali.com\/index.php\/wp-json\/wp\/v2\/media\/3309"}],"wp:attachment":[{"href":"https:\/\/www.zumruthali.com\/index.php\/wp-json\/wp\/v2\/media?parent=2451"}],"curies":[{"name":"wp","href":"https:\/\/api.w.org\/{rel}","templated":true}]}}