{"id":2552,"date":"2019-08-23T15:44:58","date_gmt":"2019-08-23T12:44:58","guid":{"rendered":"http:\/\/www.zumruthali.com\/?page_id=2552"},"modified":"2020-09-23T13:42:51","modified_gmt":"2020-09-23T10:42:51","slug":"samur-hali","status":"publish","type":"page","link":"https:\/\/www.zumruthali.com\/index.php\/samur-hali\/","title":{"rendered":"Samur Hal\u0131"},"content":{"rendered":"\r\n<p><span class=\"has-inline-color has-white-color\">Samur Hal\u0131 Online Samur Hal\u0131 Katalo\u011fu Ve Samur Hal\u0131 Modelleri Z\u00fcmr\u00fct Hal\u0131 Ma\u011fzas\u0131 Evsel Hal\u0131lar \u00c7im Hal\u0131lar Cami Hal\u0131lar\u0131<\/span><\/p>\r\n","protected":false},"excerpt":{"rendered":"<p>Samur Hal\u0131 Online Samur Hal\u0131 Katalo\u011fu Ve Samur Hal\u0131 Modelleri Z\u00fcmr\u00fct Hal\u0131 Ma\u011fzas\u0131 Evsel Hal\u0131lar \u00c7im Hal\u0131lar Cami Hal\u0131lar\u0131<\/p>\n","protected":false},"author":2,"featured_media":3586,"parent":0,"menu_order":0,"comment_status":"closed","ping_status":"closed","template":"","meta":[],"_links":{"self":[{"href":"https:\/\/www.zumruthali.com\/index.php\/wp-json\/wp\/v2\/pages\/2552"}],"collection":[{"href":"https:\/\/www.zumruthali.com\/index.php\/wp-json\/wp\/v2\/pages"}],"about":[{"href":"https:\/\/www.zumruthali.com\/index.php\/wp-json\/wp\/v2\/types\/page"}],"author":[{"embeddable":true,"href":"https:\/\/www.zumruthali.com\/index.php\/wp-json\/wp\/v2\/users\/2"}],"replies":[{"embeddable":true,"href":"https:\/\/www.zumruthali.com\/index.php\/wp-json\/wp\/v2\/comments?post=2552"}],"version-history":[{"count":2,"href":"https:\/\/www.zumruthali.com\/index.php\/wp-json\/wp\/v2\/pages\/2552\/revisions"}],"predecessor-version":[{"id":3791,"href":"https:\/\/www.zumruthali.com\/index.php\/wp-json\/wp\/v2\/pages\/2552\/revisions\/3791"}],"wp:featuredmedia":[{"embeddable":true,"href":"https:\/\/www.zumruthali.com\/index.php\/wp-json\/wp\/v2\/media\/3586"}],"wp:attachment":[{"href":"https:\/\/www.zumruthali.com\/index.php\/wp-json\/wp\/v2\/media?parent=2552"}],"curies":[{"name":"wp","href":"https:\/\/api.w.org\/{rel}","templated":true}]}}