{"id":2600,"date":"2019-08-23T16:39:12","date_gmt":"2019-08-23T13:39:12","guid":{"rendered":"http:\/\/www.zumruthali.com\/?page_id=2600"},"modified":"2024-08-05T17:31:27","modified_gmt":"2024-08-05T14:31:27","slug":"iletisim","status":"publish","type":"page","link":"https:\/\/www.zumruthali.com\/index.php\/iletisim\/","title":{"rendered":"\u0130leti\u015fim"},"content":{"rendered":"\r\n<p><span class=\"has-inline-color has-white-color\">Adres: Kozyata\u011f\u0131 Mahallesi G\u00fclbahar Sokak \u00c7a\u011fla Apt. No:16 D:9 Kad\u0131k\u00f6y \/\u0130stanbul \u0130leti\u015fim Tel : 0 (216) 362 45 45 Cep: 0 (532) 366 83 11<\/span><\/p>\r\n","protected":false},"excerpt":{"rendered":"<p>Adres: Kozyata\u011f\u0131 Mahallesi G\u00fclbahar Sokak \u00c7a\u011fla Apt. No:16 D:9 Kad\u0131k\u00f6y \/\u0130stanbul \u0130leti\u015fim Tel : 0 (216) 362 45 45 Cep: 0 (532) 366 83 11<\/p>\n","protected":false},"author":2,"featured_media":0,"parent":0,"menu_order":0,"comment_status":"closed","ping_status":"closed","template":"","meta":[],"_links":{"self":[{"href":"https:\/\/www.zumruthali.com\/index.php\/wp-json\/wp\/v2\/pages\/2600"}],"collection":[{"href":"https:\/\/www.zumruthali.com\/index.php\/wp-json\/wp\/v2\/pages"}],"about":[{"href":"https:\/\/www.zumruthali.com\/index.php\/wp-json\/wp\/v2\/types\/page"}],"author":[{"embeddable":true,"href":"https:\/\/www.zumruthali.com\/index.php\/wp-json\/wp\/v2\/users\/2"}],"replies":[{"embeddable":true,"href":"https:\/\/www.zumruthali.com\/index.php\/wp-json\/wp\/v2\/comments?post=2600"}],"version-history":[{"count":6,"href":"https:\/\/www.zumruthali.com\/index.php\/wp-json\/wp\/v2\/pages\/2600\/revisions"}],"predecessor-version":[{"id":3826,"href":"https:\/\/www.zumruthali.com\/index.php\/wp-json\/wp\/v2\/pages\/2600\/revisions\/3826"}],"wp:attachment":[{"href":"https:\/\/www.zumruthali.com\/index.php\/wp-json\/wp\/v2\/media?parent=2600"}],"curies":[{"name":"wp","href":"https:\/\/api.w.org\/{rel}","templated":true}]}}