{"id":2772,"date":"2020-08-19T12:08:29","date_gmt":"2020-08-19T09:08:29","guid":{"rendered":"http:\/\/www.zumruthali.com\/?page_id=2772"},"modified":"2020-09-23T13:36:23","modified_gmt":"2020-09-23T10:36:23","slug":"ithal-urunler","status":"publish","type":"page","link":"https:\/\/www.zumruthali.com\/index.php\/ithal-urunler\/","title":{"rendered":"\u0130thal \u00dcr\u00fcnler"},"content":{"rendered":"\r\n<p><span class=\"has-inline-color has-white-color\">\u0130thal \u00dcr\u00fcnler Z\u00fcmr\u00fct Hal\u0131 Online Hal\u0131 Katalo\u011fu .Duvardan Duvara Karo Hal\u0131 Laminat Parke \u00d6rg\u00fc Vinil \u00c7im Hal\u0131lar. \u00c7ocuk Hal\u0131lar\u0131 Polyester Ofis<\/span><\/p>\r\n","protected":false},"excerpt":{"rendered":"<p>\u0130thal \u00dcr\u00fcnler Z\u00fcmr\u00fct Hal\u0131 Online Hal\u0131 Katalo\u011fu .Duvardan Duvara Karo Hal\u0131 Laminat Parke \u00d6rg\u00fc Vinil \u00c7im Hal\u0131lar. \u00c7ocuk Hal\u0131lar\u0131 Polyester Ofis<\/p>\n","protected":false},"author":2,"featured_media":2957,"parent":0,"menu_order":0,"comment_status":"closed","ping_status":"closed","template":"","meta":[],"_links":{"self":[{"href":"https:\/\/www.zumruthali.com\/index.php\/wp-json\/wp\/v2\/pages\/2772"}],"collection":[{"href":"https:\/\/www.zumruthali.com\/index.php\/wp-json\/wp\/v2\/pages"}],"about":[{"href":"https:\/\/www.zumruthali.com\/index.php\/wp-json\/wp\/v2\/types\/page"}],"author":[{"embeddable":true,"href":"https:\/\/www.zumruthali.com\/index.php\/wp-json\/wp\/v2\/users\/2"}],"replies":[{"embeddable":true,"href":"https:\/\/www.zumruthali.com\/index.php\/wp-json\/wp\/v2\/comments?post=2772"}],"version-history":[{"count":3,"href":"https:\/\/www.zumruthali.com\/index.php\/wp-json\/wp\/v2\/pages\/2772\/revisions"}],"predecessor-version":[{"id":3763,"href":"https:\/\/www.zumruthali.com\/index.php\/wp-json\/wp\/v2\/pages\/2772\/revisions\/3763"}],"wp:featuredmedia":[{"embeddable":true,"href":"https:\/\/www.zumruthali.com\/index.php\/wp-json\/wp\/v2\/media\/2957"}],"wp:attachment":[{"href":"https:\/\/www.zumruthali.com\/index.php\/wp-json\/wp\/v2\/media?parent=2772"}],"curies":[{"name":"wp","href":"https:\/\/api.w.org\/{rel}","templated":true}]}}