{"id":3206,"date":"2020-08-25T10:35:24","date_gmt":"2020-08-25T07:35:24","guid":{"rendered":"http:\/\/www.zumruthali.com\/?page_id=3206"},"modified":"2020-09-23T13:38:41","modified_gmt":"2020-09-23T10:38:41","slug":"karo-hali","status":"publish","type":"page","link":"https:\/\/www.zumruthali.com\/index.php\/ithal-urunler\/karo-hali\/","title":{"rendered":"\u0130thal Karo Hal\u0131"},"content":{"rendered":"\r\n<p><span class=\"has-inline-color has-white-color\">\u0130thal Karo Hal\u0131lar Online Hal\u0131 katalo\u011fu Karo Hal\u0131 Market. Contesse Joyce Pizarro Magellan Pasteur Columbus Medici Uygun Fiyata Duvardan Duvara<\/span><\/p>\r\n","protected":false},"excerpt":{"rendered":"<p>\u0130thal Karo Hal\u0131lar Online Hal\u0131 katalo\u011fu Karo Hal\u0131 Market. Contesse Joyce Pizarro Magellan Pasteur Columbus Medici Uygun Fiyata Duvardan Duvara<\/p>\n","protected":false},"author":2,"featured_media":0,"parent":2772,"menu_order":0,"comment_status":"closed","ping_status":"closed","template":"","meta":[],"_links":{"self":[{"href":"https:\/\/www.zumruthali.com\/index.php\/wp-json\/wp\/v2\/pages\/3206"}],"collection":[{"href":"https:\/\/www.zumruthali.com\/index.php\/wp-json\/wp\/v2\/pages"}],"about":[{"href":"https:\/\/www.zumruthali.com\/index.php\/wp-json\/wp\/v2\/types\/page"}],"author":[{"embeddable":true,"href":"https:\/\/www.zumruthali.com\/index.php\/wp-json\/wp\/v2\/users\/2"}],"replies":[{"embeddable":true,"href":"https:\/\/www.zumruthali.com\/index.php\/wp-json\/wp\/v2\/comments?post=3206"}],"version-history":[{"count":3,"href":"https:\/\/www.zumruthali.com\/index.php\/wp-json\/wp\/v2\/pages\/3206\/revisions"}],"predecessor-version":[{"id":3769,"href":"https:\/\/www.zumruthali.com\/index.php\/wp-json\/wp\/v2\/pages\/3206\/revisions\/3769"}],"up":[{"embeddable":true,"href":"https:\/\/www.zumruthali.com\/index.php\/wp-json\/wp\/v2\/pages\/2772"}],"wp:attachment":[{"href":"https:\/\/www.zumruthali.com\/index.php\/wp-json\/wp\/v2\/media?parent=3206"}],"curies":[{"name":"wp","href":"https:\/\/api.w.org\/{rel}","templated":true}]}}