{"id":3373,"date":"2020-08-25T16:10:27","date_gmt":"2020-08-25T13:10:27","guid":{"rendered":"http:\/\/www.zumruthali.com\/?page_id=3373"},"modified":"2020-09-23T13:29:56","modified_gmt":"2020-09-23T10:29:56","slug":"natura-line","status":"publish","type":"page","link":"https:\/\/www.zumruthali.com\/index.php\/agt-parke\/natura-line\/","title":{"rendered":"Natura Line"},"content":{"rendered":"\r\n<p><span class=\"has-inline-color has-white-color\">Natura Line 2020 Laminant Parke Modelleri Online Katalog. Agt Parke Z\u00fcmr\u00fct Hal\u0131 Bayisinde Kanyon Gala Ilgaz Salda Trend Meric Nil Rodos Selge<\/span><\/p>\r\n","protected":false},"excerpt":{"rendered":"<p>Natura Line 2020 Laminant Parke Modelleri Online Katalog. Agt Parke Z\u00fcmr\u00fct Hal\u0131 Bayisinde Kanyon Gala Ilgaz Salda Trend Meric Nil Rodos Selge<\/p>\n","protected":false},"author":2,"featured_media":0,"parent":3358,"menu_order":0,"comment_status":"closed","ping_status":"closed","template":"","meta":[],"_links":{"self":[{"href":"https:\/\/www.zumruthali.com\/index.php\/wp-json\/wp\/v2\/pages\/3373"}],"collection":[{"href":"https:\/\/www.zumruthali.com\/index.php\/wp-json\/wp\/v2\/pages"}],"about":[{"href":"https:\/\/www.zumruthali.com\/index.php\/wp-json\/wp\/v2\/types\/page"}],"author":[{"embeddable":true,"href":"https:\/\/www.zumruthali.com\/index.php\/wp-json\/wp\/v2\/users\/2"}],"replies":[{"embeddable":true,"href":"https:\/\/www.zumruthali.com\/index.php\/wp-json\/wp\/v2\/comments?post=3373"}],"version-history":[{"count":3,"href":"https:\/\/www.zumruthali.com\/index.php\/wp-json\/wp\/v2\/pages\/3373\/revisions"}],"predecessor-version":[{"id":3752,"href":"https:\/\/www.zumruthali.com\/index.php\/wp-json\/wp\/v2\/pages\/3373\/revisions\/3752"}],"up":[{"embeddable":true,"href":"https:\/\/www.zumruthali.com\/index.php\/wp-json\/wp\/v2\/pages\/3358"}],"wp:attachment":[{"href":"https:\/\/www.zumruthali.com\/index.php\/wp-json\/wp\/v2\/media?parent=3373"}],"curies":[{"name":"wp","href":"https:\/\/api.w.org\/{rel}","templated":true}]}}