{"id":3647,"date":"2020-08-26T17:27:03","date_gmt":"2020-08-26T14:27:03","guid":{"rendered":"http:\/\/www.zumruthali.com\/?page_id=3647"},"modified":"2020-09-23T13:43:03","modified_gmt":"2020-09-23T10:43:03","slug":"pvc","status":"publish","type":"page","link":"https:\/\/www.zumruthali.com\/index.php\/pvc\/","title":{"rendered":"PVC"},"content":{"rendered":"\r\n<p><span class=\"has-inline-color has-white-color\">PVC Modelleri 2020 Online PVC Katalo\u011fu Ve PVC Modelleri Z\u00fcmr\u00fct Hal\u0131 Market Leah Iris Serisi Ve Europa Collection<\/span><\/p>\r\n","protected":false},"excerpt":{"rendered":"<p>PVC Modelleri 2020 Online PVC Katalo\u011fu Ve PVC Modelleri Z\u00fcmr\u00fct Hal\u0131 Market Leah Iris Serisi Ve Europa Collection<\/p>\n","protected":false},"author":2,"featured_media":3648,"parent":0,"menu_order":0,"comment_status":"closed","ping_status":"closed","template":"","meta":[],"_links":{"self":[{"href":"https:\/\/www.zumruthali.com\/index.php\/wp-json\/wp\/v2\/pages\/3647"}],"collection":[{"href":"https:\/\/www.zumruthali.com\/index.php\/wp-json\/wp\/v2\/pages"}],"about":[{"href":"https:\/\/www.zumruthali.com\/index.php\/wp-json\/wp\/v2\/types\/page"}],"author":[{"embeddable":true,"href":"https:\/\/www.zumruthali.com\/index.php\/wp-json\/wp\/v2\/users\/2"}],"replies":[{"embeddable":true,"href":"https:\/\/www.zumruthali.com\/index.php\/wp-json\/wp\/v2\/comments?post=3647"}],"version-history":[{"count":2,"href":"https:\/\/www.zumruthali.com\/index.php\/wp-json\/wp\/v2\/pages\/3647\/revisions"}],"predecessor-version":[{"id":3788,"href":"https:\/\/www.zumruthali.com\/index.php\/wp-json\/wp\/v2\/pages\/3647\/revisions\/3788"}],"wp:featuredmedia":[{"embeddable":true,"href":"https:\/\/www.zumruthali.com\/index.php\/wp-json\/wp\/v2\/media\/3648"}],"wp:attachment":[{"href":"https:\/\/www.zumruthali.com\/index.php\/wp-json\/wp\/v2\/media?parent=3647"}],"curies":[{"name":"wp","href":"https:\/\/api.w.org\/{rel}","templated":true}]}}