{"id":3715,"date":"2020-08-31T12:23:14","date_gmt":"2020-08-31T09:23:14","guid":{"rendered":"http:\/\/www.zumruthali.com\/?page_id=3715"},"modified":"2020-09-23T13:35:10","modified_gmt":"2020-09-23T10:35:10","slug":"duvardan-duvara-hali","status":"publish","type":"page","link":"https:\/\/www.zumruthali.com\/index.php\/duvardan-duvara-hali\/","title":{"rendered":"Duvardan Duvara Hal\u0131"},"content":{"rendered":"\r\n<p><span class=\"has-inline-color has-white-color\">Duvardan Duvara Hal\u0131lar Z\u00fcmr\u00fct Hal\u0131&#8217;da. \u0130thal Hal\u0131lar, Dinarsu ve Samur Hal\u0131 Modelleri Online Kataloglar\u0131, Hal\u0131 Fiyatlar\u0131, \u00c7e\u015fitleri, D\u00f6\u015feme<\/span><\/p>\r\n","protected":false},"excerpt":{"rendered":"<p>Duvardan Duvara Hal\u0131lar Z\u00fcmr\u00fct Hal\u0131&#8217;da. \u0130thal Hal\u0131lar, Dinarsu ve Samur Hal\u0131 Modelleri Online Kataloglar\u0131, Hal\u0131 Fiyatlar\u0131, \u00c7e\u015fitleri, D\u00f6\u015feme<\/p>\n","protected":false},"author":2,"featured_media":3559,"parent":0,"menu_order":0,"comment_status":"closed","ping_status":"closed","template":"","meta":[],"_links":{"self":[{"href":"https:\/\/www.zumruthali.com\/index.php\/wp-json\/wp\/v2\/pages\/3715"}],"collection":[{"href":"https:\/\/www.zumruthali.com\/index.php\/wp-json\/wp\/v2\/pages"}],"about":[{"href":"https:\/\/www.zumruthali.com\/index.php\/wp-json\/wp\/v2\/types\/page"}],"author":[{"embeddable":true,"href":"https:\/\/www.zumruthali.com\/index.php\/wp-json\/wp\/v2\/users\/2"}],"replies":[{"embeddable":true,"href":"https:\/\/www.zumruthali.com\/index.php\/wp-json\/wp\/v2\/comments?post=3715"}],"version-history":[{"count":2,"href":"https:\/\/www.zumruthali.com\/index.php\/wp-json\/wp\/v2\/pages\/3715\/revisions"}],"predecessor-version":[{"id":3761,"href":"https:\/\/www.zumruthali.com\/index.php\/wp-json\/wp\/v2\/pages\/3715\/revisions\/3761"}],"wp:featuredmedia":[{"embeddable":true,"href":"https:\/\/www.zumruthali.com\/index.php\/wp-json\/wp\/v2\/media\/3559"}],"wp:attachment":[{"href":"https:\/\/www.zumruthali.com\/index.php\/wp-json\/wp\/v2\/media?parent=3715"}],"curies":[{"name":"wp","href":"https:\/\/api.w.org\/{rel}","templated":true}]}}